 (2 + 1)/(-3) + x. Suppose -2*r - 28 = -j*u - 4*r, 3*r - 27 = -3*u. What are the prime factors of u?
2, 5
Suppose -3*g - 3*j + 1 = -2, 3*g = -4*j + 3. Let f = 3 - g. List the prime factors of ((-1)/(-2) + f)*2.
5
Let j(n) = 2*n - 5. Let o be j(4). Suppose 3*c - 21 = -3*d, -2*c + 2*d + o*d = 0. What are the prime factors of c?
5
Suppose 4*b + 8 = -2*z + z, -15 = 3*z + 3*b. List the prime factors of z*(45/(-6) + -1).
2, 17
Suppose -6 = -0*q - 3*q. Suppose q*z - 21 = -1. What are the prime factors of z?
2, 5
What are the prime factors of (-855)/30*2/(-3)?
19
Let b = 135 + -90. Suppose 3*h - 2*y + y - b = 0, -2*y - 60 = -4*h. List the prime factors of h.
3, 5
Let v = 950 + -622. What are the prime factors of v?
2, 41
Suppose -v + 5*v - 12 = -4*x, -2*x = 3*v - 6. Suppose -8 = -x*t - 2. Suppose 0 = -t*b - 3 + 15. List the prime factors of b.
2, 3
Suppose -4*p + 4*q + 32 = 2*q, -3*p + 5*q = -38. Suppose y + y - 14 = 0. Suppose n - y = p. What are the prime factors of n?
13
Let u(p) = 2*p + 13. Let w be u(-9). Let d = -2 - w. Suppose d*a = 3, -a + 3*a = 4*g - 22. List the prime factors of g.
2, 3
Let u(k) = -k**3 + 3*k + 6. Let h be u(-4). Suppose 3*l + 1 = h. List the prime factors of l.
19
Suppose 3*y - 2*z = 5*y + 142, 0 = -2*y + 5*z - 135. Let u be y/(-8) + (-5)/(-20). Suppose 0 = 2*w - n - 41, -2 = -w - 5*n - u. What are the prime factors of w?
2, 3
Let m = 819 + -471. What are the prime factors of m?
2, 3, 29
Let m(q) = 2*q**2 - 3*q + 1. Let t be m(2). Suppose -y = -t*y + 16. What are the prime factors of y?
2
Let t = 143 - 74. List the prime factors of t.
3, 23
Suppose -2*h = -3*h + 4. Suppose 4*b - 179 = 5*l, -h*b - 45 = 5*l - 274. Suppose -o = 2*o - b. What are the prime factors of o?
17
Let p be ((-5)/(-15))/((-2)/6). Let a be -3*3/((-9)/p). What are the prime factors of (a + (-18)/(-4))*2?
7
Suppose -4*l - 2*w = -5*l + 70, -5*l + 339 = w. What are the prime factors of l?
2, 17
Let x(l) = 2*l**2 + 2. Let h be x(-2). Let i = h + 5. What are the prime factors of (-54)/i*(-20)/6?
2, 3
Suppose w = 3*c + 2*c - 20, -4*c + 20 = 0. Let z = -2 + w. Suppose 2*d = -z*d - 25, -34 = -4*s + 2*d. List the prime factors of s.
2, 3
Let j(a) = -13*a**2 + a - 1. Let h be j(1). Let g = 26 + h. What are the prime factors of g?
13
Let h be (-9 + 5)*(0 - 1). Suppose h*z + 3*i = 2*i - 50, -5*z - i = 62. Let f = z - -19. What are the prime factors of f?
7
List the prime factors of 885/20 - 1/4.
2, 11
Let s = 12 - 18. Let o(p) = p**2 - 3*p - 1. Let q be o(s). Suppose 4*m = -5 + q. What are the prime factors of m?
2, 3
Let q = -2 - -6. Suppose 3*i - 11 = q*o, -2*i = -3*i + 4*o + 1. Let g = 9 - i. List the prime factors of g.
2
Let i be ((-2)/4)/((-5)/210). Suppose 2 = -5*j + 2*x - 1, -j - 5*x = -i. What are the prime factors of (j + -3)/(1/(-8))?
2
Let d = 3 + -1. Let u = 1 - -14. Suppose 0 = d*t + 5*w - 29, -2*t + 3*w = -3*t + u. What are the prime factors of t?
2, 3
Let x(v) = -2*v**2 - 3*v + 3. Let t = -2 - 1. Let l be x(t). List the prime factors of (14/6)/((-2)/l).
7
Suppose 4*w - 39 = -4*h - 11, 5*w = -3*h + 27. Suppose w*k - 7 - 2 = 0. What are the prime factors of k?
3
Let s = 6 - 12. Let y(r) = r**2 + r + 8. Let z be y(s). Suppose -4*h + z = 2. List the prime factors of h.
3
Let m(a) = -4*a**3 - a**2 + 6*a - 4. List the prime factors of m(-3).
7, 11
Let j(c) = -2*c - 8. Let s be j(-6). Suppose 2*u - 13 = -b, -u = u + s*b - 10. List the prime factors of u.
7
Let s = 197 + -98. Suppose -u - 2*u + s = 0. Suppose 3*v - 12 = -f, 4*f + u = 2*v + 11. List the prime factors of v.
5
Suppose -t - l = -43, -2*t + 5*l = -t - 25. Let a = -3 + 6. Suppose -4*w + t = a*s, -5*s + 16 + 58 = 3*w. What are the prime factors of s?
2
Suppose 0 = 2*m + 2*j - 22, -5*m + 3*j + 1 = -54. Let f = 7 - m. What are the prime factors of ((-1)/(-3))/(f/(-120))?
2, 5
Let j(w) = 69*w**2. Let g be j(-1). Let q = -48 + g. List the prime factors of q.
3, 7
Let v(p) = -p + 21. List the prime factors of v(-13).
2, 17
Suppose -14 = 3*g - 2*y + 7*y, -2 = -3*g - y. Suppose 0 + 12 = 2*f - h, g*f - 12 = 5*h. Let j = f + -4. List the prime factors of j.
2
Let r be (-54)/10 + (-3)/5. Let g = -2 - r. List the prime factors of 2/g + (-14)/(-4).
2
Let o = 8 - -14. What are the prime factors of o?
2, 11
Suppose -3*g - 3*u + 24 = -0*u, -8 = -4*u. Suppose 2*m = g*m - 64. Suppose m = -2*v + 4*v. List the prime factors of v.
2
Suppose 5*i - 3*y - 1066 = 0, -644 = -3*i + 3*y + y. Suppose -3*r = -5*o + i, 0*r - 2*r + 2 = 0. What are the prime factors of o?
43
List the prime factors of (-12)/2*1452/(-36).
2, 11
Let m be 6 + (0 - -1)*-3. List the prime factors of 19 + (2 - (-1 + m)).
19
Suppose -9 + 341 = 4*k - 2*j, -3*k - j + 244 = 0. List the prime factors of k.
2, 41
Suppose 0 = 5*j - 16 + 1. Suppose -2*a = 3*b + 3 - 9, 0 = j*b. List the prime factors of a.
3
List the prime factors of -7*(16/(-112) + 3/(-7)).
2
List the prime factors of (2/(-4))/(3*(-3)/1764).
2, 7
Let g be (-1 - 1)*(-344)/16. Let m be (-623)/21 + (-4)/(-6). Let k = m + g. What are the prime factors of k?
2, 7
Suppose 3*w - y = 311, 2*y + 518 = 3*w + 2*w. List the prime factors of w.
2, 13
Let a = 3 + 2. Let r(i) = 9*i**2 - 5*i - 6. Let y(c) = 8*c**2 - 5*c - 6. Let w(j) = -6*r(j) + 7*y(j). What are the prime factors of w(a)?
19
List the prime factors of 497/4 - (-20)/(-16).
3, 41
Suppose -2 + 25 = x. List the prime factors of x.
23
Suppose -5*v + y + 9 = 0, 0 = 2*v + 3*y + 5 + 5. Suppose v = 2*x + 9. Let d(z) = z**3 + 5*z**2. List the prime factors of d(x).
2
Let w(l) = -l**3 + 2*l**2 + l. Let t be w(2). Suppose -t*m = d + 6, m - 3 = d + 2*m. Suppose b = 3, 4*q + 5*b - 27 - 32 = d. What are the prime factors of q?
11
Let f(d) = d**2 + 6*d - 7. Let p be f(-9). Suppose m + 3*k = 22, -2*k = -3*m + p + 13. List the prime factors of -1 + -2 + (m - -2).
2, 3
Let x = 10 + -6. Suppose 5*t + 30 = -5*i, -10 = 2*i + i - t. List the prime factors of 7/i*x/(-1).
7
Let s(r) = r**2 - 7*r + 3. Let x be s(6). Suppose 5*l - 33 = 3*a, l = -3*a - 2*l - 9. Let q = x - a. List the prime factors of q.
3
Suppose 2*n - 7 = -4*s + 87, 2*n = -3*s + 73. Suppose 2*o + 5 = s. What are the prime factors of o?
2
Let n(l) = -l - 5. Let j be n(-5). Suppose b + j*r = 5*r + 32, -3*r = 4*b - 59. What are the prime factors of b?
17
Suppose 4*z = -3*o + 427 + 25, -5*z + 2*o + 565 = 0. What are the prime factors of z?
113
Suppose 0 = -5*y + 21 - 1. Suppose 2*d + y*f = 42, 51 + 3 = 2*d - 2*f. Suppose 6*u - d = u. What are the prime factors of u?
5
Let b = 13 + -6. Let k = -1 + b. List the prime factors of k.
2, 3
Suppose 16*a - 11*a = 70. List the prime factors of a.
2, 7
Suppose 121 = d - 5*f, -4*d - f + 2*f + 408 = 0. What are the prime factors of d?
101
Suppose -100 = -3*n + 4*y + 12, 2*y - 88 = -3*n. What are the prime factors of n?
2
Suppose -12 = 6*v - 4*v. Let g = 43 + -28. What are the prime factors of (-3)/(27/g)*v?
2, 5
Suppose 0*q + q + 380 = 2*y, 4*y - 768 = -2*q. List the prime factors of y.
191
Suppose 141 = 3*y + k + 37, 0 = 4*y + 5*k - 146. List the prime factors of y.
2, 17
Suppose -107 = 3*z + 94. Let j = -47 - z. List the prime factors of j.
2, 5
Let i(x) = 5*x + 61. What are the prime factors of i(18)?
151
Let p(t) = 22*t. List the prime factors of p(1).
2, 11
Let l(o) = 5 - 3*o + 0 + 2*o - 7*o. What are the prime factors of l(-5)?
3, 5
Suppose -6*t = -3*t - 24. List the prime factors of t.
2
Let p(z) = -z + 1. Let c(n) = -3*n + 3. Let r(y) = 3*c(y) - 7*p(y). Let q be r(-4). Suppose -2*o + 10 = -q. List the prime factors of o.
2, 5
Let f(u) = u**3 - 4*u**2 + 2*u - 4. Suppose -j - 4*j = -25. List the prime factors of f(j).
31
Let u = -52 - -81. Suppose 3*y = u + 16. Let v = -2 + y. List the prime factors of v.
13
Suppose 0*z + 5*z = -i + 187, 3*i - 143 = -4*z. List the prime factors of z.
2, 19
Let u(g) = g**3 + 10*g**2 - 9*g - 13. What are the prime factors of u(-8)?
11, 17
Suppose 2*x + 3*x = 15. Suppose 4*h = 5*c + 21, 0 = x*h - 0*h + 5*c - 7. List the prime factors of h.
2
Suppose x = 6*x - 20. Suppose -4*l - x*r + 32 = 0, -4*r = -0*l + 3*l - 28. Suppose 0*f = f - l. What are the prime factors of f?
2
Let m = -4 + 6. Suppose -6 = -3*n - n + m*l, -5*n = -2*l - 9. List the prime factors of (10/n)/((-4)/(-12)).
2, 5
Suppose -3*p = -4*g + 225, -6*g + 169 = -3*g - 